{"id":278,"date":"2023-05-14T09:27:50","date_gmt":"2023-05-14T07:27:50","guid":{"rendered":"https:\/\/cdvl63.fr\/?page_id=278"},"modified":"2024-05-05T22:52:15","modified_gmt":"2024-05-05T20:52:15","slug":"puy-saint-romain","status":"publish","type":"page","link":"https:\/\/cdvl63.fr\/index.php\/listes-des-sites\/puy-saint-romain\/","title":{"rendered":"Puy Saint Romain"},"content":{"rendered":"\n<h2 class=\"wp-block-heading has-vivid-cyan-blue-color has-text-color has-link-color wp-elements-6abb6556ef70019fdaa0b2a1f7e0caa4\">Puy Saint Romain \u00bb 3 atterrissages<\/h2>\n\n\n\n<div class=\"wp-block-columns is-layout-flex wp-container-core-columns-is-layout-9d6595d7 wp-block-columns-is-layout-flex\">\n<div class=\"wp-block-column is-layout-flow wp-block-column-is-layout-flow\">\n<p class=\"has-vivid-purple-color has-text-color has-link-color has-medium-font-size wp-elements-8f0a0be798bf33733b15d739e69b29b1\"><strong>Altitude<\/strong>: 780m<br><strong>D\u00e9nivel\u00e9<\/strong> :  420m<br><strong>Orientation<\/strong> : O \/ SO \/ S \/ SE \/ E \/ NO \/ N<\/p>\n<\/div>\n\n\n\n<div class=\"wp-block-column is-layout-flow wp-block-column-is-layout-flow\">\n<p class=\"has-luminous-vivid-amber-to-luminous-vivid-orange-gradient-background has-background\">GPS : N 45\u00b067&#8217;98&#8221; &#8211; E 03\u00b024&#8217;28&#8221;<br><a href=\"https:\/\/intranet.ffvl.fr\/terrain\/443\">Fiche site FFVL 443<\/a><br>Balise : <a href=\"http:\/\/www.balisemeteo.com\/balise.php?idBalise=151\">FFVL<\/a><\/p>\n<\/div>\n<\/div>\n\n\n\n<div class=\"wp-block-columns is-layout-flex wp-container-core-columns-is-layout-9d6595d7 wp-block-columns-is-layout-flex\">\n<div class=\"wp-block-column is-layout-flow wp-block-column-is-layout-flow\" style=\"flex-basis:66.66%\">\n<figure class=\"wp-block-image size-full\"><img loading=\"lazy\" decoding=\"async\" width=\"659\" height=\"405\" src=\"https:\/\/cdvl63.fr\/wp-content\/uploads\/2023\/05\/Saint-Romain-Carte.jpg\" alt=\"\" class=\"wp-image-279\" srcset=\"https:\/\/cdvl63.fr\/wp-content\/uploads\/2023\/05\/Saint-Romain-Carte.jpg 659w, https:\/\/cdvl63.fr\/wp-content\/uploads\/2023\/05\/Saint-Romain-Carte-300x184.jpg 300w\" sizes=\"auto, (max-width: 659px) 100vw, 659px\" \/><\/figure>\n\n\n\n<h2 class=\"wp-block-heading has-vivid-green-cyan-color has-text-color has-link-color wp-elements-ba048fbda86f2ca69d170637ecf0b7db\">Contacts<\/h2>\n\n\n\n<p><strong>Club Paraplaineair :<\/strong>  paraplaineair@gmail.com<br><strong>Club LAV :<\/strong> gagne.jean2@wanadoo.fr<\/p>\n\n\n\n<h2 class=\"wp-block-heading has-vivid-green-cyan-color has-text-color has-link-color wp-elements-fd65fcd2b067fca551b66d06e9da5edc\">Bonnes adresses<\/h2>\n\n\n\n<p><strong>Le Chalet<\/strong> \u00e0 l&#8217;atterro des Martres &#8211; Camping-Bar-Resto &#8211; 04 73 40 08 61<br><strong>Pizz&#8217;atelier<\/strong> \u00e0 Mirefleurs &#8211; <a href=\"http:\/\/www.pizzatelier.fr\">www.pizzatelier.fr<\/a> &#8211; 06 95 69 56 54<\/p>\n\n\n\n<h2 class=\"wp-block-heading has-vivid-green-cyan-color has-text-color has-link-color wp-elements-f9454e249e2302f887e67551abc53070\">Acc\u00e8s<\/h2>\n\n\n\n<p>Sortie 5 ou 6 sur l&#8217;A75, direction Vic-le-Comte jusqu&#8217;\u00e0 Longues ensuite direction St-Maurice-\u00e8s-Allier, traverser le village, \u00e0 la fin du village prendre le chemin \u00e0 droite puis le premier \u00e0 gauche jusqu&#8217;\u00e0 la croix. Se garer et finir \u00e0 pied (15&#8242;).<\/p>\n\n\n\n<p class=\"has-vivid-green-cyan-color has-text-color has-link-color has-medium-font-size wp-elements-b48cc13bde5eef1bb55f6f170be5bc82\"><strong>Particularit\u00e9s<\/strong> <\/p>\n\n\n\n<p>Site situ\u00e9 dans la TMA1, la hauteur maximale est limit\u00e9e \u00e0 300 m\/sol ou 820 m\/mer.<\/p>\n<\/div>\n\n\n\n<div class=\"wp-block-column is-layout-flow wp-block-column-is-layout-flow\" style=\"flex-basis:33.33%\">\n<figure class=\"wp-block-image size-full\"><img loading=\"lazy\" decoding=\"async\" width=\"138\" height=\"136\" src=\"https:\/\/cdvl63.fr\/wp-content\/uploads\/2023\/05\/Saint-Romain-Acces.jpg\" alt=\"\" class=\"wp-image-280\"\/><\/figure>\n\n\n\n<figure class=\"wp-block-image size-full\"><img loading=\"lazy\" decoding=\"async\" width=\"268\" height=\"160\" src=\"https:\/\/cdvl63.fr\/wp-content\/uploads\/2023\/11\/Saint-Romain-General.jpg\" alt=\"\" class=\"wp-image-290\"\/><\/figure>\n\n\n\n<figure class=\"wp-block-image size-full\"><img loading=\"lazy\" decoding=\"async\" width=\"268\" height=\"191\" src=\"https:\/\/cdvl63.fr\/wp-content\/uploads\/2023\/11\/Saint-Romain-Atterro.jpg\" alt=\"\" class=\"wp-image-291\"\/><\/figure>\n\n\n\n<figure class=\"wp-block-image size-full\"><img loading=\"lazy\" decoding=\"async\" width=\"273\" height=\"159\" src=\"https:\/\/cdvl63.fr\/wp-content\/uploads\/2023\/11\/Saint-Romain-Atterro-2.jpg\" alt=\"\" class=\"wp-image-292\"\/><\/figure>\n<\/div>\n<\/div>\n","protected":false},"excerpt":{"rendered":"<p>Puy Saint Romain \u00bb 3 atterrissages Altitude: 780mD\u00e9nivel\u00e9 : 420mOrientation : O \/ SO \/ S \/ SE \/ E \/ NO \/ N GPS : N 45\u00b067&#8217;98&#8221; &#8211; E [&hellip;]<\/p>\n","protected":false},"author":1,"featured_media":0,"parent":158,"menu_order":0,"comment_status":"closed","ping_status":"closed","template":"","meta":{"footnotes":""},"class_list":["post-278","page","type-page","status-publish","hentry","entry"],"_links":{"self":[{"href":"https:\/\/cdvl63.fr\/index.php\/wp-json\/wp\/v2\/pages\/278","targetHints":{"allow":["GET"]}}],"collection":[{"href":"https:\/\/cdvl63.fr\/index.php\/wp-json\/wp\/v2\/pages"}],"about":[{"href":"https:\/\/cdvl63.fr\/index.php\/wp-json\/wp\/v2\/types\/page"}],"author":[{"embeddable":true,"href":"https:\/\/cdvl63.fr\/index.php\/wp-json\/wp\/v2\/users\/1"}],"replies":[{"embeddable":true,"href":"https:\/\/cdvl63.fr\/index.php\/wp-json\/wp\/v2\/comments?post=278"}],"version-history":[{"count":9,"href":"https:\/\/cdvl63.fr\/index.php\/wp-json\/wp\/v2\/pages\/278\/revisions"}],"predecessor-version":[{"id":891,"href":"https:\/\/cdvl63.fr\/index.php\/wp-json\/wp\/v2\/pages\/278\/revisions\/891"}],"up":[{"embeddable":true,"href":"https:\/\/cdvl63.fr\/index.php\/wp-json\/wp\/v2\/pages\/158"}],"wp:attachment":[{"href":"https:\/\/cdvl63.fr\/index.php\/wp-json\/wp\/v2\/media?parent=278"}],"curies":[{"name":"wp","href":"https:\/\/api.w.org\/{rel}","templated":true}]}}

<h2 class="wp-block-heading has-vivid-cyan-blue-color has-text-color has-link-color wp-elements-6abb6556ef70019fdaa0b2a1f7e0caa4">Puy Saint Romain » 3 atterrissages</h2>



<div class="wp-block-columns is-layout-flex wp-container-core-columns-is-layout-9d6595d7 wp-block-columns-is-layout-flex">
<div class="wp-block-column is-layout-flow wp-block-column-is-layout-flow">
<p class="has-vivid-purple-color has-text-color has-link-color has-medium-font-size wp-elements-8f0a0be798bf33733b15d739e69b29b1"><strong>Altitude</strong>: 780m<br><strong>Dénivelé</strong> :  420m<br><strong>Orientation</strong> : O / SO / S / SE / E / NO / N</p>
</div>



<div class="wp-block-column is-layout-flow wp-block-column-is-layout-flow">
<p class="has-luminous-vivid-amber-to-luminous-vivid-orange-gradient-background has-background">GPS : N 45°67&#8217;98&#8221; &#8211; E 03°24&#8217;28&#8221;<br><a href="https://intranet.ffvl.fr/terrain/443">Fiche site FFVL 443</a><br>Balise : <a href="http://www.balisemeteo.com/balise.php?idBalise=151">FFVL</a></p>
</div>
</div>



<div class="wp-block-columns is-layout-flex wp-container-core-columns-is-layout-9d6595d7 wp-block-columns-is-layout-flex">
<div class="wp-block-column is-layout-flow wp-block-column-is-layout-flow" style="flex-basis:66.66%">
<figure class="wp-block-image size-full"><img loading="lazy" decoding="async" width="659" height="405" src="https://cdvl63.fr/wp-content/uploads/2023/05/Saint-Romain-Carte.jpg" alt="" class="wp-image-279" srcset="https://cdvl63.fr/wp-content/uploads/2023/05/Saint-Romain-Carte.jpg 659w, https://cdvl63.fr/wp-content/uploads/2023/05/Saint-Romain-Carte-300x184.jpg 300w" sizes="auto, (max-width: 659px) 100vw, 659px" /></figure>



<h2 class="wp-block-heading has-vivid-green-cyan-color has-text-color has-link-color wp-elements-ba048fbda86f2ca69d170637ecf0b7db">Contacts</h2>



<p><strong>Club Paraplaineair :</strong>  paraplaineair@gmail.com<br><strong>Club LAV :</strong> gagne.jean2@wanadoo.fr</p>



<h2 class="wp-block-heading has-vivid-green-cyan-color has-text-color has-link-color wp-elements-fd65fcd2b067fca551b66d06e9da5edc">Bonnes adresses</h2>



<p><strong>Le Chalet</strong> à l&#8217;atterro des Martres &#8211; Camping-Bar-Resto &#8211; 04 73 40 08 61<br><strong>Pizz&#8217;atelier</strong> à Mirefleurs &#8211; <a href="http://www.pizzatelier.fr">www.pizzatelier.fr</a> &#8211; 06 95 69 56 54</p>



<h2 class="wp-block-heading has-vivid-green-cyan-color has-text-color has-link-color wp-elements-f9454e249e2302f887e67551abc53070">Accès</h2>



<p>Sortie 5 ou 6 sur l&#8217;A75, direction Vic-le-Comte jusqu&#8217;à Longues ensuite direction St-Maurice-ès-Allier, traverser le village, à la fin du village prendre le chemin à droite puis le premier à gauche jusqu&#8217;à la croix. Se garer et finir à pied (15&#8242;).</p>



<p class="has-vivid-green-cyan-color has-text-color has-link-color has-medium-font-size wp-elements-b48cc13bde5eef1bb55f6f170be5bc82"><strong>Particularités</strong> </p>



<p>Site situé dans la TMA1, la hauteur maximale est limitée à 300 m/sol ou 820 m/mer.</p>
</div>



<div class="wp-block-column is-layout-flow wp-block-column-is-layout-flow" style="flex-basis:33.33%">
<figure class="wp-block-image size-full"><img loading="lazy" decoding="async" width="138" height="136" src="https://cdvl63.fr/wp-content/uploads/2023/05/Saint-Romain-Acces.jpg" alt="" class="wp-image-280"/></figure>



<figure class="wp-block-image size-full"><img loading="lazy" decoding="async" width="268" height="160" src="https://cdvl63.fr/wp-content/uploads/2023/11/Saint-Romain-General.jpg" alt="" class="wp-image-290"/></figure>



<figure class="wp-block-image size-full"><img loading="lazy" decoding="async" width="268" height="191" src="https://cdvl63.fr/wp-content/uploads/2023/11/Saint-Romain-Atterro.jpg" alt="" class="wp-image-291"/></figure>



<figure class="wp-block-image size-full"><img loading="lazy" decoding="async" width="273" height="159" src="https://cdvl63.fr/wp-content/uploads/2023/11/Saint-Romain-Atterro-2.jpg" alt="" class="wp-image-292"/></figure>
</div>
</div>

<p>Puy Saint Romain » 3 atterrissages Altitude: 780mDénivelé : 420mOrientation : O / SO / S / SE / E / NO / N GPS : N 45°67&#8217;98&#8221; &#8211; E [&hellip;]</p>
