{"id":190,"date":"2023-03-26T10:59:26","date_gmt":"2023-03-26T08:59:26","guid":{"rendered":"https:\/\/cdvl63.fr\/?page_id=190"},"modified":"2024-05-05T22:51:21","modified_gmt":"2024-05-05T20:51:21","slug":"saint-sandoux","status":"publish","type":"page","link":"https:\/\/cdvl63.fr\/index.php\/listes-des-sites\/saint-sandoux\/","title":{"rendered":"Saint Sandoux"},"content":{"rendered":"\n<h2 class=\"wp-block-heading has-vivid-cyan-blue-color has-text-color has-link-color wp-elements-5ec9b58fe64e3cd73113d4608dbeea01\">Saint Sandoux \u00bb 2 d\u00e9collages<\/h2>\n\n\n\n<div class=\"wp-block-columns is-layout-flex wp-container-core-columns-is-layout-9d6595d7 wp-block-columns-is-layout-flex\">\n<div class=\"wp-block-column is-layout-flow wp-block-column-is-layout-flow\">\n<p class=\"has-vivid-purple-color has-text-color has-link-color has-medium-font-size wp-elements-209f470ae80fabfeed6d426f11fd6885\"><strong>Altitude<\/strong> : 780 m<br><strong>D\u00e9nivel\u00e9<\/strong> : 250 \u00e0 370m<br><strong>Orientation<\/strong> : N-NE-E<\/p>\n<\/div>\n\n\n\n<div class=\"wp-block-column is-layout-flow wp-block-column-is-layout-flow\">\n<p class=\"has-luminous-vivid-amber-to-luminous-vivid-orange-gradient-background has-background\">GPS : N 45\u00b037&#8217;55&#8221; &#8211; E 03\u00b006&#8217;59&#8221;<br><a href=\"https:\/\/intranet.ffvl.fr\/terrain\/441\">Fiche site FFVL 441<\/a><br>Balise : <a href=\"https:\/\/holfuy.com\/fr\/weather\/1179\">Holfuy 1179<\/a><\/p>\n\n\n\n<p class=\"has-vivid-red-color has-text-color has-link-color has-medium-font-size wp-elements-130e5541f12e7f3daa06a3ed7be6cbeb\">Record <strong>244.50 km<\/strong> Anthony Acket le 9\/06\/21<\/p>\n<\/div>\n<\/div>\n\n\n\n<div class=\"wp-block-columns is-layout-flex wp-container-core-columns-is-layout-9d6595d7 wp-block-columns-is-layout-flex\">\n<div class=\"wp-block-column is-layout-flow wp-block-column-is-layout-flow\" style=\"flex-basis:66.66%\">\n<figure class=\"wp-block-image size-full\"><img loading=\"lazy\" decoding=\"async\" width=\"2560\" height=\"2014\" src=\"https:\/\/cdvl63.fr\/wp-content\/uploads\/2024\/01\/st-sandoux-carte-2-scaled.jpg\" alt=\"\" class=\"wp-image-622\" srcset=\"https:\/\/cdvl63.fr\/wp-content\/uploads\/2024\/01\/st-sandoux-carte-2-scaled.jpg 2560w, https:\/\/cdvl63.fr\/wp-content\/uploads\/2024\/01\/st-sandoux-carte-2-300x236.jpg 300w, https:\/\/cdvl63.fr\/wp-content\/uploads\/2024\/01\/st-sandoux-carte-2-1024x806.jpg 1024w, https:\/\/cdvl63.fr\/wp-content\/uploads\/2024\/01\/st-sandoux-carte-2-768x604.jpg 768w, https:\/\/cdvl63.fr\/wp-content\/uploads\/2024\/01\/st-sandoux-carte-2-1536x1208.jpg 1536w, https:\/\/cdvl63.fr\/wp-content\/uploads\/2024\/01\/st-sandoux-carte-2-2048x1611.jpg 2048w\" sizes=\"auto, (max-width: 2560px) 100vw, 2560px\" \/><\/figure>\n\n\n\n<h2 class=\"wp-block-heading has-vivid-cyan-blue-color has-text-color has-link-color wp-elements-39074361e9c22a6bc569c781a2f1da86\">Contacts<\/h2>\n\n\n\n<p>Club Paraplaineair <a href=\"mailto:paraplaineair@gmail.com\">paraplaineair@gmail.com<\/a><\/p>\n\n\n\n<h2 class=\"wp-block-heading\"><\/h2>\n\n\n\n<p class=\"has-vivid-cyan-blue-color has-text-color has-link-color has-medium-font-size wp-elements-a19513d6ed32769bac916dcce082f0e2\"><strong>Bonnes adresses<\/strong><\/p>\n\n\n\n<p>\u00a4&nbsp;<strong>CAT de Ceyran<\/strong>&nbsp;\u00e0 ST-Sandoux &#8211;&nbsp;<em>Restauration le midi<\/em>&nbsp;04 73 39 04 77<br>\u00a4 <strong>L&#8217;\u00e9picerie de Sophie<\/strong> \u00e0 ST-Sandoux &#8211; <a href=\"https:\/\/www.facebook.com\/LEpicerie-de-Sophie-102732245755738\/\">facebook.com\/LEpicerie-de-Sophie<\/a><br>\u00a4 <strong>Camping le Pr\u00e9<\/strong> \u00e0 Montaigut-le-Blanc 04 73 95 75 07 <a href=\"https:\/\/www.campinglepre.com\">www.campinglepre.com<\/a><\/p>\n\n\n\n<h2 class=\"wp-block-heading has-vivid-cyan-blue-color has-text-color has-link-color wp-elements-81f398dc4cfa6c0726b3758653129966\">Acc\u00e8s<\/h2>\n\n\n\n<p>Sortie 6 sur l&#8217;A75 jusqu&#8217;\u00e0 Plauzat, puis \u00e0 droite \u21d2 St-Sandoux jusqu&#8217;\u00e0 l&#8217;atterro situ\u00e9 sur votre gauche ensuite suivre les indications (panneau)<\/p>\n\n\n\n<h2 class=\"wp-block-heading has-vivid-cyan-blue-color has-text-color has-link-color wp-elements-52116d3efefd7b9c8276fbeb8a946412\"><strong>Consignes <\/strong>\u00e0 respecter<\/h2>\n\n\n\n<p class=\"has-black-color has-text-color has-link-color wp-elements-0f8ba5fe65e593099ca78df10cd4a08f\">Ne pas traverser le village en voiture, suivre les panneaux et respecter la vitesse autoris\u00e9e !<\/p>\n\n\n\n<p class=\"has-black-color has-text-color has-link-color wp-elements-63e317ca48c84a64cbe9e21a4c4e9982\"><strong>Stationnement interdit au d\u00e9collage<\/strong>, vous pouvez cependant y acc\u00e9der pour d\u00e9poser pilotes et voiles avant de redescendre vous garez au niveau du terrain de bicross.<\/p>\n\n\n\n<p>L&#8217;acc\u00e8s au d\u00e9collage en voiture est strictement interdit en cas de neige ou verglas sur la route (arr\u00eat\u00e9 municipal du 11\/05\/2005)<\/p>\n\n\n\n<p class=\"has-medium-font-size\"><br><\/p>\n<\/div>\n\n\n\n<div class=\"wp-block-column is-layout-flow wp-block-column-is-layout-flow\" style=\"flex-basis:33.33%\">\n<figure class=\"wp-block-image size-full\"><img loading=\"lazy\" decoding=\"async\" width=\"590\" height=\"848\" src=\"https:\/\/cdvl63.fr\/wp-content\/uploads\/2023\/03\/Saint-Sandoux-Carte.jpg\" alt=\"\" class=\"wp-image-192\" srcset=\"https:\/\/cdvl63.fr\/wp-content\/uploads\/2023\/03\/Saint-Sandoux-Carte.jpg 590w, https:\/\/cdvl63.fr\/wp-content\/uploads\/2023\/03\/Saint-Sandoux-Carte-209x300.jpg 209w\" sizes=\"auto, (max-width: 590px) 100vw, 590px\" \/><\/figure>\n\n\n\n<figure class=\"wp-block-image size-full is-resized\"><img loading=\"lazy\" decoding=\"async\" width=\"269\" height=\"168\" src=\"https:\/\/cdvl63.fr\/wp-content\/uploads\/2023\/03\/Saint-Sandoux-General.jpg\" alt=\"\" class=\"wp-image-174\" style=\"width:263px;height:auto\"\/><\/figure>\n\n\n\n<figure class=\"wp-block-image size-full\"><img loading=\"lazy\" decoding=\"async\" width=\"937\" height=\"604\" src=\"https:\/\/cdvl63.fr\/wp-content\/uploads\/2023\/03\/Saint-Sandoux-Deco.jpg\" alt=\"\" class=\"wp-image-193\" srcset=\"https:\/\/cdvl63.fr\/wp-content\/uploads\/2023\/03\/Saint-Sandoux-Deco.jpg 937w, https:\/\/cdvl63.fr\/wp-content\/uploads\/2023\/03\/Saint-Sandoux-Deco-300x193.jpg 300w, https:\/\/cdvl63.fr\/wp-content\/uploads\/2023\/03\/Saint-Sandoux-Deco-768x495.jpg 768w\" sizes=\"auto, (max-width: 937px) 100vw, 937px\" \/><\/figure>\n\n\n\n<figure class=\"wp-block-image size-full\"><img loading=\"lazy\" decoding=\"async\" width=\"930\" height=\"680\" src=\"https:\/\/cdvl63.fr\/wp-content\/uploads\/2023\/03\/Saint-Sandoux-Atterro.jpg\" alt=\"\" class=\"wp-image-194\" srcset=\"https:\/\/cdvl63.fr\/wp-content\/uploads\/2023\/03\/Saint-Sandoux-Atterro.jpg 930w, https:\/\/cdvl63.fr\/wp-content\/uploads\/2023\/03\/Saint-Sandoux-Atterro-300x219.jpg 300w, https:\/\/cdvl63.fr\/wp-content\/uploads\/2023\/03\/Saint-Sandoux-Atterro-768x562.jpg 768w\" sizes=\"auto, (max-width: 930px) 100vw, 930px\" \/><\/figure>\n<\/div>\n<\/div>\n","protected":false},"excerpt":{"rendered":"<p>Saint Sandoux \u00bb 2 d\u00e9collages Altitude : 780 mD\u00e9nivel\u00e9 : 250 \u00e0 370mOrientation : N-NE-E GPS : N 45\u00b037&#8217;55&#8221; &#8211; E 03\u00b006&#8217;59&#8221;Fiche site FFVL 441Balise : Holfuy 1179 Record 244.50 [&hellip;]<\/p>\n","protected":false},"author":1,"featured_media":0,"parent":158,"menu_order":0,"comment_status":"closed","ping_status":"closed","template":"","meta":{"footnotes":""},"class_list":["post-190","page","type-page","status-publish","hentry","entry"],"_links":{"self":[{"href":"https:\/\/cdvl63.fr\/index.php\/wp-json\/wp\/v2\/pages\/190","targetHints":{"allow":["GET"]}}],"collection":[{"href":"https:\/\/cdvl63.fr\/index.php\/wp-json\/wp\/v2\/pages"}],"about":[{"href":"https:\/\/cdvl63.fr\/index.php\/wp-json\/wp\/v2\/types\/page"}],"author":[{"embeddable":true,"href":"https:\/\/cdvl63.fr\/index.php\/wp-json\/wp\/v2\/users\/1"}],"replies":[{"embeddable":true,"href":"https:\/\/cdvl63.fr\/index.php\/wp-json\/wp\/v2\/comments?post=190"}],"version-history":[{"count":16,"href":"https:\/\/cdvl63.fr\/index.php\/wp-json\/wp\/v2\/pages\/190\/revisions"}],"predecessor-version":[{"id":890,"href":"https:\/\/cdvl63.fr\/index.php\/wp-json\/wp\/v2\/pages\/190\/revisions\/890"}],"up":[{"embeddable":true,"href":"https:\/\/cdvl63.fr\/index.php\/wp-json\/wp\/v2\/pages\/158"}],"wp:attachment":[{"href":"https:\/\/cdvl63.fr\/index.php\/wp-json\/wp\/v2\/media?parent=190"}],"curies":[{"name":"wp","href":"https:\/\/api.w.org\/{rel}","templated":true}]}}

<h2 class="wp-block-heading has-vivid-cyan-blue-color has-text-color has-link-color wp-elements-5ec9b58fe64e3cd73113d4608dbeea01">Saint Sandoux » 2 décollages</h2>



<div class="wp-block-columns is-layout-flex wp-container-core-columns-is-layout-9d6595d7 wp-block-columns-is-layout-flex">
<div class="wp-block-column is-layout-flow wp-block-column-is-layout-flow">
<p class="has-vivid-purple-color has-text-color has-link-color has-medium-font-size wp-elements-209f470ae80fabfeed6d426f11fd6885"><strong>Altitude</strong> : 780 m<br><strong>Dénivelé</strong> : 250 à 370m<br><strong>Orientation</strong> : N-NE-E</p>
</div>



<div class="wp-block-column is-layout-flow wp-block-column-is-layout-flow">
<p class="has-luminous-vivid-amber-to-luminous-vivid-orange-gradient-background has-background">GPS : N 45°37&#8217;55&#8221; &#8211; E 03°06&#8217;59&#8221;<br><a href="https://intranet.ffvl.fr/terrain/441">Fiche site FFVL 441</a><br>Balise : <a href="https://holfuy.com/fr/weather/1179">Holfuy 1179</a></p>



<p class="has-vivid-red-color has-text-color has-link-color has-medium-font-size wp-elements-130e5541f12e7f3daa06a3ed7be6cbeb">Record <strong>244.50 km</strong> Anthony Acket le 9/06/21</p>
</div>
</div>



<div class="wp-block-columns is-layout-flex wp-container-core-columns-is-layout-9d6595d7 wp-block-columns-is-layout-flex">
<div class="wp-block-column is-layout-flow wp-block-column-is-layout-flow" style="flex-basis:66.66%">
<figure class="wp-block-image size-full"><img loading="lazy" decoding="async" width="2560" height="2014" src="https://cdvl63.fr/wp-content/uploads/2024/01/st-sandoux-carte-2-scaled.jpg" alt="" class="wp-image-622" srcset="https://cdvl63.fr/wp-content/uploads/2024/01/st-sandoux-carte-2-scaled.jpg 2560w, https://cdvl63.fr/wp-content/uploads/2024/01/st-sandoux-carte-2-300x236.jpg 300w, https://cdvl63.fr/wp-content/uploads/2024/01/st-sandoux-carte-2-1024x806.jpg 1024w, https://cdvl63.fr/wp-content/uploads/2024/01/st-sandoux-carte-2-768x604.jpg 768w, https://cdvl63.fr/wp-content/uploads/2024/01/st-sandoux-carte-2-1536x1208.jpg 1536w, https://cdvl63.fr/wp-content/uploads/2024/01/st-sandoux-carte-2-2048x1611.jpg 2048w" sizes="auto, (max-width: 2560px) 100vw, 2560px" /></figure>



<h2 class="wp-block-heading has-vivid-cyan-blue-color has-text-color has-link-color wp-elements-39074361e9c22a6bc569c781a2f1da86">Contacts</h2>



<p>Club Paraplaineair <a href="mailto:paraplaineair@gmail.com">paraplaineair@gmail.com</a></p>



<h2 class="wp-block-heading"></h2>



<p class="has-vivid-cyan-blue-color has-text-color has-link-color has-medium-font-size wp-elements-a19513d6ed32769bac916dcce082f0e2"><strong>Bonnes adresses</strong></p>



<p>¤&nbsp;<strong>CAT de Ceyran</strong>&nbsp;à ST-Sandoux &#8211;&nbsp;<em>Restauration le midi</em>&nbsp;04 73 39 04 77<br>¤ <strong>L&#8217;épicerie de Sophie</strong> à ST-Sandoux &#8211; <a href="https://www.facebook.com/LEpicerie-de-Sophie-102732245755738/">facebook.com/LEpicerie-de-Sophie</a><br>¤ <strong>Camping le Pré</strong> à Montaigut-le-Blanc 04 73 95 75 07 <a href="https://www.campinglepre.com">www.campinglepre.com</a></p>



<h2 class="wp-block-heading has-vivid-cyan-blue-color has-text-color has-link-color wp-elements-81f398dc4cfa6c0726b3758653129966">Accès</h2>



<p>Sortie 6 sur l&#8217;A75 jusqu&#8217;à Plauzat, puis à droite ⇒ St-Sandoux jusqu&#8217;à l&#8217;atterro situé sur votre gauche ensuite suivre les indications (panneau)</p>



<h2 class="wp-block-heading has-vivid-cyan-blue-color has-text-color has-link-color wp-elements-52116d3efefd7b9c8276fbeb8a946412"><strong>Consignes </strong>à respecter</h2>



<p class="has-black-color has-text-color has-link-color wp-elements-0f8ba5fe65e593099ca78df10cd4a08f">Ne pas traverser le village en voiture, suivre les panneaux et respecter la vitesse autorisée !</p>



<p class="has-black-color has-text-color has-link-color wp-elements-63e317ca48c84a64cbe9e21a4c4e9982"><strong>Stationnement interdit au décollage</strong>, vous pouvez cependant y accéder pour déposer pilotes et voiles avant de redescendre vous garez au niveau du terrain de bicross.</p>



<p>L&#8217;accès au décollage en voiture est strictement interdit en cas de neige ou verglas sur la route (arrêté municipal du 11/05/2005)</p>



<p class="has-medium-font-size"><br></p>
</div>



<div class="wp-block-column is-layout-flow wp-block-column-is-layout-flow" style="flex-basis:33.33%">
<figure class="wp-block-image size-full"><img loading="lazy" decoding="async" width="590" height="848" src="https://cdvl63.fr/wp-content/uploads/2023/03/Saint-Sandoux-Carte.jpg" alt="" class="wp-image-192" srcset="https://cdvl63.fr/wp-content/uploads/2023/03/Saint-Sandoux-Carte.jpg 590w, https://cdvl63.fr/wp-content/uploads/2023/03/Saint-Sandoux-Carte-209x300.jpg 209w" sizes="auto, (max-width: 590px) 100vw, 590px" /></figure>



<figure class="wp-block-image size-full is-resized"><img loading="lazy" decoding="async" width="269" height="168" src="https://cdvl63.fr/wp-content/uploads/2023/03/Saint-Sandoux-General.jpg" alt="" class="wp-image-174" style="width:263px;height:auto"/></figure>



<figure class="wp-block-image size-full"><img loading="lazy" decoding="async" width="937" height="604" src="https://cdvl63.fr/wp-content/uploads/2023/03/Saint-Sandoux-Deco.jpg" alt="" class="wp-image-193" srcset="https://cdvl63.fr/wp-content/uploads/2023/03/Saint-Sandoux-Deco.jpg 937w, https://cdvl63.fr/wp-content/uploads/2023/03/Saint-Sandoux-Deco-300x193.jpg 300w, https://cdvl63.fr/wp-content/uploads/2023/03/Saint-Sandoux-Deco-768x495.jpg 768w" sizes="auto, (max-width: 937px) 100vw, 937px" /></figure>



<figure class="wp-block-image size-full"><img loading="lazy" decoding="async" width="930" height="680" src="https://cdvl63.fr/wp-content/uploads/2023/03/Saint-Sandoux-Atterro.jpg" alt="" class="wp-image-194" srcset="https://cdvl63.fr/wp-content/uploads/2023/03/Saint-Sandoux-Atterro.jpg 930w, https://cdvl63.fr/wp-content/uploads/2023/03/Saint-Sandoux-Atterro-300x219.jpg 300w, https://cdvl63.fr/wp-content/uploads/2023/03/Saint-Sandoux-Atterro-768x562.jpg 768w" sizes="auto, (max-width: 930px) 100vw, 930px" /></figure>
</div>
</div>

<p>Saint Sandoux » 2 décollages Altitude : 780 mDénivelé : 250 à 370mOrientation : N-NE-E GPS : N 45°37&#8217;55&#8221; &#8211; E 03°06&#8217;59&#8221;Fiche site FFVL 441Balise : Holfuy 1179 Record 244.50 [&hellip;]</p>
