{"id":175,"date":"2023-03-26T10:21:51","date_gmt":"2023-03-26T08:21:51","guid":{"rendered":"https:\/\/cdvl63.fr\/?page_id=175"},"modified":"2024-11-10T19:49:08","modified_gmt":"2024-11-10T18:49:08","slug":"le-puy-de-dome","status":"publish","type":"page","link":"https:\/\/cdvl63.fr\/index.php\/listes-des-sites\/le-puy-de-dome\/","title":{"rendered":"Le Puy De D\u00f4me"},"content":{"rendered":"\n<h2 class=\"wp-block-heading has-vivid-cyan-blue-color has-text-color has-link-color wp-elements-e4fa7ad080088cd4fe31dfe7f69789c8\">Le Puy De D\u00f4me \u00bb 6 zones de d\u00e9collage \u00bb 3 atterrissages<\/h2>\n\n\n\n<div class=\"wp-block-columns is-layout-flex wp-container-core-columns-is-layout-9d6595d7 wp-block-columns-is-layout-flex\">\n<div class=\"wp-block-column is-layout-flow wp-block-column-is-layout-flow\" style=\"flex-basis:200px\">\n<p class=\"has-vivid-purple-color has-text-color has-link-color has-medium-font-size wp-elements-37f827a22a5a2e3a6fae57e61e9e9dbc\"><strong>Altitude<\/strong> : 1465 m<br><strong>D\u00e9nivel\u00e9<\/strong> : 450 \u00e0 500m<br><strong>Orientation<\/strong> : Toutes<\/p>\n<\/div>\n\n\n\n<div class=\"wp-block-column is-layout-flow wp-block-column-is-layout-flow\">\n<p class=\"has-luminous-vivid-amber-to-luminous-vivid-orange-gradient-background has-background\">GPS N 45\u00b077&#8217;18&#8221; &#8211; E 02\u00b096&#8217;38&#8221;<br><a href=\"https:\/\/intranet.ffvl.fr\/sites_pratique\/voir\/471\" data-type=\"URL\" data-id=\"https:\/\/intranet.ffvl.fr\/sites_pratique\/voir\/471\">Fiche site FFVL 471<\/a><\/p>\n\n\n\n<p class=\"has-black-color has-luminous-vivid-amber-to-luminous-vivid-orange-gradient-background has-text-color has-background has-link-color wp-elements-8ec4770a0ad79e0bbb242bd09aaacbc2\"><a href=\"https:\/\/holfuy.com\/fr\/weather\/1464\">Balise Holfuy 1464 <\/a>(en \u00e9t\u00e9)<br>Toutes les infos (Balises, Trains, NOTAMs) : <a href=\"https:\/\/pdd.dprslt.fr\">https:\/\/pdd.dprslt.fr<\/a><\/p>\n\n\n\n<p class=\"has-vivid-red-color has-text-color has-link-color has-medium-font-size wp-elements-b50e8b4d48cacb3b96617341fd2cbfd9\">Record <strong>252.15 km<\/strong> Anthony Acket 31-07-22<\/p>\n<\/div>\n<\/div>\n\n\n\n<div class=\"wp-block-columns is-layout-flex wp-container-core-columns-is-layout-9d6595d7 wp-block-columns-is-layout-flex\">\n<div class=\"wp-block-column is-layout-flow wp-block-column-is-layout-flow\" style=\"flex-basis:66.66%\">\n<figure class=\"wp-block-image size-full\"><img loading=\"lazy\" decoding=\"async\" width=\"651\" height=\"492\" src=\"https:\/\/cdvl63.fr\/wp-content\/uploads\/2023\/03\/Puy-de-Dome-Acces.jpg\" alt=\"\" class=\"wp-image-176\" srcset=\"https:\/\/cdvl63.fr\/wp-content\/uploads\/2023\/03\/Puy-de-Dome-Acces.jpg 651w, https:\/\/cdvl63.fr\/wp-content\/uploads\/2023\/03\/Puy-de-Dome-Acces-300x227.jpg 300w\" sizes=\"auto, (max-width: 651px) 100vw, 651px\" \/><\/figure>\n\n\n\n<h2 class=\"wp-block-heading has-vivid-green-cyan-color has-text-color has-link-color wp-elements-ba048fbda86f2ca69d170637ecf0b7db\">Contacts<\/h2>\n\n\n\n<p class=\"has-vivid-purple-color has-text-color has-link-color wp-elements-bd79a7ebb3034812b16ff57acae81e6c\"><strong>Ecole<\/strong> : <a href=\"https:\/\/www.flying-puydedome.fr\">Flying PuydeDome<\/a> 06 79 46 28 54 <br><strong>Ecole<\/strong> : <a href=\"https:\/\/www.freedom-parapente.fr\">Freedom Parapente<\/a> 07 62 180 360<br><a href=\"http:\/\/www.aeroparapente.fr\/\" target=\"_blank\" rel=\"noreferrer noopener\"><strong>Aeroparapente<\/strong><\/a>&nbsp;&#8211;&nbsp;Fred&nbsp;06 61 24 11 45<\/p>\n\n\n\n<h2 class=\"wp-block-heading has-vivid-green-cyan-color has-text-color has-link-color wp-elements-fd65fcd2b067fca551b66d06e9da5edc\">Bonnes adresses<\/h2>\n\n\n\n<p class=\"has-vivid-purple-color has-text-color has-link-color wp-elements-98b947244020f3efb65a515ac064207d\">\u00a4 <strong>Camping des D\u00f4mes<\/strong> \u00e0 N\u00e9bouzat 04 73 87 14 06 <a href=\"https:\/\/www.les-domes.com\">www.les-domes.com<\/a><br>\u00a4 <strong>Auberge entre Lacs et Volcans<\/strong> \u00e0 La Cassi\u00e8re 04 73 87 30 36 ou 06 81 77 81 14 <a href=\"https:\/\/entrelacsetvolcans.fr\">entrelacsetvolcans.fr<\/a><br>\u00a4 <strong>Auberge des Gros Manaux<\/strong> au col de Ceyssat 04 73 62 15 11 <a href=\"http:\/\/aubdsgrosmanauxorcines.eatbu.com\/?lang=fr\" target=\"_blank\" rel=\"noreferrer noopener\">auberge des gros manaux<\/a><br>\u00a4 <strong>Resto-bar Le Petit Graillou<\/strong> \u00e0 Montrodeix 04 73 69 37 13 <a href=\"https:\/\/www.lepetitgraillou.fr\">www.lepetitgraillou.fr<\/a><\/p>\n\n\n\n<h2 class=\"wp-block-heading has-vivid-green-cyan-color has-text-color has-link-color wp-elements-f9454e249e2302f887e67551abc53070\">Acc\u00e8s<\/h2>\n\n\n\n<p>De Clermont suivre la direction Limoges \u21d2 Puy de D\u00f4me puis se garer soit au parking du Panoramique des D\u00f4mes pour acc\u00e8s par le train, soit au col de Ceyssat pour acc\u00e8s p\u00e9destre (entre 30&#8242; et 45&#8242;).<\/p>\n\n\n\n<p class=\"has-pale-cyan-blue-background-color has-background\">\u00bb Acc\u00e8s par le <strong>Panoramique des Domes<\/strong>:                                                                 &#8211; carte annuelle <strong>41.70\u20ac<\/strong> (tarif r\u00e9duit 36.40 \u20ac) pour 60 passages                                 &#8211; abonnement annuel illimit\u00e9 175.90 \u20ac (<strong>88 \u20ac<\/strong> sur pr\u00e9sentation licence FFVL)              &#8211; billet parapente <strong>17.20 \u20ac<\/strong> (3 passages valable une journ\u00e9e)                  <a href=\"https:\/\/www.panoramiquedesdomes.fr\/\"><strong><em>Panoramique des Domes<\/em><\/strong><\/a><\/p>\n\n\n\n<p class=\"has-medium-font-size\"><br><\/p>\n<\/div>\n\n\n\n<div class=\"wp-block-column is-layout-flow wp-block-column-is-layout-flow\" style=\"flex-basis:33.33%\">\n<figure class=\"wp-block-image size-full\"><img loading=\"lazy\" decoding=\"async\" width=\"756\" height=\"467\" src=\"https:\/\/cdvl63.fr\/wp-content\/uploads\/2023\/03\/Puy-de-Dome-Carte.jpg\" alt=\"\" class=\"wp-image-177\" srcset=\"https:\/\/cdvl63.fr\/wp-content\/uploads\/2023\/03\/Puy-de-Dome-Carte.jpg 756w, https:\/\/cdvl63.fr\/wp-content\/uploads\/2023\/03\/Puy-de-Dome-Carte-300x185.jpg 300w\" sizes=\"auto, (max-width: 756px) 100vw, 756px\" \/><\/figure>\n\n\n\n<figure class=\"wp-block-image size-full\"><img loading=\"lazy\" decoding=\"async\" width=\"265\" height=\"174\" src=\"https:\/\/cdvl63.fr\/wp-content\/uploads\/2023\/03\/Puy-de-Dome-Record.jpg\" alt=\"\" class=\"wp-image-182\"\/><\/figure>\n\n\n\n<figure class=\"wp-block-image size-full\"><img loading=\"lazy\" decoding=\"async\" width=\"948\" height=\"582\" src=\"https:\/\/cdvl63.fr\/wp-content\/uploads\/2023\/03\/Puy-De-Dome-General-2.jpg\" alt=\"\" class=\"wp-image-170\" srcset=\"https:\/\/cdvl63.fr\/wp-content\/uploads\/2023\/03\/Puy-De-Dome-General-2.jpg 948w, https:\/\/cdvl63.fr\/wp-content\/uploads\/2023\/03\/Puy-De-Dome-General-2-300x184.jpg 300w, https:\/\/cdvl63.fr\/wp-content\/uploads\/2023\/03\/Puy-De-Dome-General-2-768x471.jpg 768w\" sizes=\"auto, (max-width: 948px) 100vw, 948px\" \/><\/figure>\n\n\n\n<figure class=\"wp-block-image size-full\"><img loading=\"lazy\" decoding=\"async\" width=\"269\" height=\"149\" src=\"https:\/\/cdvl63.fr\/wp-content\/uploads\/2023\/03\/Puy-de-Dome-Pliage.jpg\" alt=\"\" class=\"wp-image-183\"\/><figcaption class=\"wp-element-caption\">Atterrissage et Pliage<\/figcaption><\/figure>\n<\/div>\n<\/div>\n","protected":false},"excerpt":{"rendered":"<p>Le Puy De D\u00f4me \u00bb 6 zones de d\u00e9collage \u00bb 3 atterrissages Altitude : 1465 mD\u00e9nivel\u00e9 : 450 \u00e0 500mOrientation : Toutes GPS N 45\u00b077&#8217;18&#8221; &#8211; E 02\u00b096&#8217;38&#8221;Fiche site FFVL [&hellip;]<\/p>\n","protected":false},"author":1,"featured_media":0,"parent":158,"menu_order":0,"comment_status":"closed","ping_status":"closed","template":"","meta":{"footnotes":""},"class_list":["post-175","page","type-page","status-publish","hentry","entry"],"_links":{"self":[{"href":"https:\/\/cdvl63.fr\/index.php\/wp-json\/wp\/v2\/pages\/175","targetHints":{"allow":["GET"]}}],"collection":[{"href":"https:\/\/cdvl63.fr\/index.php\/wp-json\/wp\/v2\/pages"}],"about":[{"href":"https:\/\/cdvl63.fr\/index.php\/wp-json\/wp\/v2\/types\/page"}],"author":[{"embeddable":true,"href":"https:\/\/cdvl63.fr\/index.php\/wp-json\/wp\/v2\/users\/1"}],"replies":[{"embeddable":true,"href":"https:\/\/cdvl63.fr\/index.php\/wp-json\/wp\/v2\/comments?post=175"}],"version-history":[{"count":15,"href":"https:\/\/cdvl63.fr\/index.php\/wp-json\/wp\/v2\/pages\/175\/revisions"}],"predecessor-version":[{"id":1048,"href":"https:\/\/cdvl63.fr\/index.php\/wp-json\/wp\/v2\/pages\/175\/revisions\/1048"}],"up":[{"embeddable":true,"href":"https:\/\/cdvl63.fr\/index.php\/wp-json\/wp\/v2\/pages\/158"}],"wp:attachment":[{"href":"https:\/\/cdvl63.fr\/index.php\/wp-json\/wp\/v2\/media?parent=175"}],"curies":[{"name":"wp","href":"https:\/\/api.w.org\/{rel}","templated":true}]}}

Le Puy De Dôme

<h2 class="wp-block-heading has-vivid-cyan-blue-color has-text-color has-link-color wp-elements-e4fa7ad080088cd4fe31dfe7f69789c8">Le Puy De Dôme » 6 zones de décollage » 3 atterrissages</h2>



<div class="wp-block-columns is-layout-flex wp-container-core-columns-is-layout-9d6595d7 wp-block-columns-is-layout-flex">
<div class="wp-block-column is-layout-flow wp-block-column-is-layout-flow" style="flex-basis:200px">
<p class="has-vivid-purple-color has-text-color has-link-color has-medium-font-size wp-elements-37f827a22a5a2e3a6fae57e61e9e9dbc"><strong>Altitude</strong> : 1465 m<br><strong>Dénivelé</strong> : 450 à 500m<br><strong>Orientation</strong> : Toutes</p>
</div>



<div class="wp-block-column is-layout-flow wp-block-column-is-layout-flow">
<p class="has-luminous-vivid-amber-to-luminous-vivid-orange-gradient-background has-background">GPS N 45°77&#8217;18&#8221; &#8211; E 02°96&#8217;38&#8221;<br><a href="https://intranet.ffvl.fr/sites_pratique/voir/471" data-type="URL" data-id="https://intranet.ffvl.fr/sites_pratique/voir/471">Fiche site FFVL 471</a></p>



<p class="has-black-color has-luminous-vivid-amber-to-luminous-vivid-orange-gradient-background has-text-color has-background has-link-color wp-elements-8ec4770a0ad79e0bbb242bd09aaacbc2"><a href="https://holfuy.com/fr/weather/1464">Balise Holfuy 1464 </a>(en été)<br>Toutes les infos (Balises, Trains, NOTAMs) : <a href="https://pdd.dprslt.fr">https://pdd.dprslt.fr</a></p>



<p class="has-vivid-red-color has-text-color has-link-color has-medium-font-size wp-elements-b50e8b4d48cacb3b96617341fd2cbfd9">Record <strong>252.15 km</strong> Anthony Acket 31-07-22</p>
</div>
</div>



<div class="wp-block-columns is-layout-flex wp-container-core-columns-is-layout-9d6595d7 wp-block-columns-is-layout-flex">
<div class="wp-block-column is-layout-flow wp-block-column-is-layout-flow" style="flex-basis:66.66%">
<figure class="wp-block-image size-full"><img loading="lazy" decoding="async" width="651" height="492" src="https://cdvl63.fr/wp-content/uploads/2023/03/Puy-de-Dome-Acces.jpg" alt="" class="wp-image-176" srcset="https://cdvl63.fr/wp-content/uploads/2023/03/Puy-de-Dome-Acces.jpg 651w, https://cdvl63.fr/wp-content/uploads/2023/03/Puy-de-Dome-Acces-300x227.jpg 300w" sizes="auto, (max-width: 651px) 100vw, 651px" /></figure>



<h2 class="wp-block-heading has-vivid-green-cyan-color has-text-color has-link-color wp-elements-ba048fbda86f2ca69d170637ecf0b7db">Contacts</h2>



<p class="has-vivid-purple-color has-text-color has-link-color wp-elements-bd79a7ebb3034812b16ff57acae81e6c"><strong>Ecole</strong> : <a href="https://www.flying-puydedome.fr">Flying PuydeDome</a> 06 79 46 28 54 <br><strong>Ecole</strong> : <a href="https://www.freedom-parapente.fr">Freedom Parapente</a> 07 62 180 360<br><a href="http://www.aeroparapente.fr/" target="_blank" rel="noreferrer noopener"><strong>Aeroparapente</strong></a>&nbsp;&#8211;&nbsp;Fred&nbsp;06 61 24 11 45</p>



<h2 class="wp-block-heading has-vivid-green-cyan-color has-text-color has-link-color wp-elements-fd65fcd2b067fca551b66d06e9da5edc">Bonnes adresses</h2>



<p class="has-vivid-purple-color has-text-color has-link-color wp-elements-98b947244020f3efb65a515ac064207d">¤ <strong>Camping des Dômes</strong> à Nébouzat 04 73 87 14 06 <a href="https://www.les-domes.com">www.les-domes.com</a><br>¤ <strong>Auberge entre Lacs et Volcans</strong> à La Cassière 04 73 87 30 36 ou 06 81 77 81 14 <a href="https://entrelacsetvolcans.fr">entrelacsetvolcans.fr</a><br>¤ <strong>Auberge des Gros Manaux</strong> au col de Ceyssat 04 73 62 15 11 <a href="http://aubdsgrosmanauxorcines.eatbu.com/?lang=fr" target="_blank" rel="noreferrer noopener">auberge des gros manaux</a><br>¤ <strong>Resto-bar Le Petit Graillou</strong> à Montrodeix 04 73 69 37 13 <a href="https://www.lepetitgraillou.fr">www.lepetitgraillou.fr</a></p>



<h2 class="wp-block-heading has-vivid-green-cyan-color has-text-color has-link-color wp-elements-f9454e249e2302f887e67551abc53070">Accès</h2>



<p>De Clermont suivre la direction Limoges ⇒ Puy de Dôme puis se garer soit au parking du Panoramique des Dômes pour accès par le train, soit au col de Ceyssat pour accès pédestre (entre 30&#8242; et 45&#8242;).</p>



<p class="has-pale-cyan-blue-background-color has-background">» Accès par le <strong>Panoramique des Domes</strong>:                                                                 &#8211; carte annuelle <strong>41.70€</strong> (tarif réduit 36.40 €) pour 60 passages                                 &#8211; abonnement annuel illimité 175.90 € (<strong>88 €</strong> sur présentation licence FFVL)              &#8211; billet parapente <strong>17.20 €</strong> (3 passages valable une journée)                  <a href="https://www.panoramiquedesdomes.fr/"><strong><em>Panoramique des Domes</em></strong></a></p>



<p class="has-medium-font-size"><br></p>
</div>



<div class="wp-block-column is-layout-flow wp-block-column-is-layout-flow" style="flex-basis:33.33%">
<figure class="wp-block-image size-full"><img loading="lazy" decoding="async" width="756" height="467" src="https://cdvl63.fr/wp-content/uploads/2023/03/Puy-de-Dome-Carte.jpg" alt="" class="wp-image-177" srcset="https://cdvl63.fr/wp-content/uploads/2023/03/Puy-de-Dome-Carte.jpg 756w, https://cdvl63.fr/wp-content/uploads/2023/03/Puy-de-Dome-Carte-300x185.jpg 300w" sizes="auto, (max-width: 756px) 100vw, 756px" /></figure>



<figure class="wp-block-image size-full"><img loading="lazy" decoding="async" width="265" height="174" src="https://cdvl63.fr/wp-content/uploads/2023/03/Puy-de-Dome-Record.jpg" alt="" class="wp-image-182"/></figure>



<figure class="wp-block-image size-full"><img loading="lazy" decoding="async" width="948" height="582" src="https://cdvl63.fr/wp-content/uploads/2023/03/Puy-De-Dome-General-2.jpg" alt="" class="wp-image-170" srcset="https://cdvl63.fr/wp-content/uploads/2023/03/Puy-De-Dome-General-2.jpg 948w, https://cdvl63.fr/wp-content/uploads/2023/03/Puy-De-Dome-General-2-300x184.jpg 300w, https://cdvl63.fr/wp-content/uploads/2023/03/Puy-De-Dome-General-2-768x471.jpg 768w" sizes="auto, (max-width: 948px) 100vw, 948px" /></figure>



<figure class="wp-block-image size-full"><img loading="lazy" decoding="async" width="269" height="149" src="https://cdvl63.fr/wp-content/uploads/2023/03/Puy-de-Dome-Pliage.jpg" alt="" class="wp-image-183"/><figcaption class="wp-element-caption">Atterrissage et Pliage</figcaption></figure>
</div>
</div>

<p>Le Puy De Dôme » 6 zones de décollage » 3 atterrissages Altitude : 1465 mDénivelé : 450 à 500mOrientation : Toutes GPS N 45°77&#8217;18&#8221; &#8211; E 02°96&#8217;38&#8221;Fiche site FFVL [&hellip;]</p>
